{"id":95,"date":"2025-04-01T01:38:04","date_gmt":"2025-04-01T01:38:04","guid":{"rendered":"https:\/\/fundacionalto.org\/?page_id=95"},"modified":"2025-04-01T01:41:47","modified_gmt":"2025-04-01T01:41:47","slug":"quieres-ayudar-a-transformar-vidas","status":"publish","type":"page","link":"https:\/\/fundacionalto.org\/index.php\/quieres-ayudar-a-transformar-vidas\/","title":{"rendered":"\u00bfQuieres ayudar a transformar vidas?"},"content":{"rendered":"\n<p>En <strong>Fundaci\u00f3n ALTO<\/strong> trabajamos cada d\u00eda para acompa\u00f1ar a ni\u00f1os, ni\u00f1as y familias que viven con obesidad, desde un enfoque humano, emp\u00e1tico y sin estigmas.<\/p>\n\n\n\n<p>Si compartes nuestra visi\u00f3n y quieres ser parte del cambio, \u00a1te estamos buscando!<\/p>\n\n\n\n<p> \u00bfEres profesional de la salud, educador o voluntario?<\/p>\n\n\n\n<p>\u00bfRepresentas una instituci\u00f3n o empresa que desea apoyar esta causa?<\/p>\n\n\n\n<p>\u00bfTienes recursos, ideas o tiempo que quieras ofrecer?<\/p>\n\n\n\n<p>Tu ayuda puede marcar la diferencia en la vida de muchas personas.<\/p>\n\n\n\n<p><strong>Escr\u00edbenos, cu\u00e9ntanos c\u00f3mo quieres sumar o simplemente conversemos.<\/strong><\/p>\n\n\n\n<p>Estamos construyendo comunidad y toda voz cuenta.<\/p>\n\n\n\n<p>\ud83d\udce9 <strong>Cont\u00e1ctanos en:<\/strong> fundacionaltoorg@gmail.com<\/p>\n\n\n\n<p>\ud83c\udf10 <strong>www.fundacionalto.org<\/strong><\/p>\n\n\n<div class=\"wpforms-container wpforms-container-full wpforms-block wpforms-block-d91de428-513c-4161-9644-7a64d3aca745 wpforms-render-modern\" id=\"wpforms-99\"><form id=\"wpforms-form-99\" class=\"wpforms-validate wpforms-form wpforms-ajax-form\" data-formid=\"99\" method=\"post\" enctype=\"multipart\/form-data\" action=\"\/index.php\/wp-json\/wp\/v2\/pages\/95\" data-token=\"e8c79637c0a90e86dc66e946942818c1\" data-token-time=\"1777381763\"><noscript class=\"wpforms-error-noscript\">Por favor, activa JavaScript en tu navegador para completar este formulario.<\/noscript><div id=\"wpforms-error-noscript\" style=\"display: none;\">Por favor, activa JavaScript en tu navegador para completar este formulario.<\/div><div class=\"wpforms-field-container\">\t\t<div id=\"wpforms-99-field_4-container\"\n\t\t\tclass=\"wpforms-field wpforms-field-text\"\n\t\t\tdata-field-type=\"text\"\n\t\t\tdata-field-id=\"4\"\n\t\t\t>\n\t\t\t<label class=\"wpforms-field-label\" for=\"wpforms-99-field_4\" >Nombre mensaje o<\/label>\n\t\t\t<input type=\"text\" id=\"wpforms-99-field_4\" class=\"wpforms-field-medium\" name=\"wpforms[fields][4]\" >\n\t\t<\/div>\n\t\t<div id=\"wpforms-99-field_1-container\" class=\"wpforms-field wpforms-field-name\" data-field-id=\"1\"><fieldset><legend class=\"wpforms-field-label\">Nombre <span class=\"wpforms-required-label\" aria-hidden=\"true\">*<\/span><\/legend><div class=\"wpforms-field-row wpforms-field-medium\"><div class=\"wpforms-field-row-block wpforms-first wpforms-one-half\"><input type=\"text\" id=\"wpforms-99-field_1\" class=\"wpforms-field-name-first wpforms-field-required\" name=\"wpforms[fields][1][first]\" aria-errormessage=\"wpforms-99-field_1-error\" required><label for=\"wpforms-99-field_1\" class=\"wpforms-field-sublabel after\">Nombre<\/label><\/div><div class=\"wpforms-field-row-block wpforms-one-half\"><input type=\"text\" id=\"wpforms-99-field_1-last\" class=\"wpforms-field-name-last wpforms-field-required\" name=\"wpforms[fields][1][last]\" aria-errormessage=\"wpforms-99-field_1-last-error\" required><label for=\"wpforms-99-field_1-last\" class=\"wpforms-field-sublabel after\">Apellidos<\/label><\/div><\/div><\/fieldset><\/div><div id=\"wpforms-99-field_2-container\" class=\"wpforms-field wpforms-field-email\" data-field-id=\"2\"><label class=\"wpforms-field-label\" for=\"wpforms-99-field_2\">Correo electr\u00f3nico <span class=\"wpforms-required-label\" aria-hidden=\"true\">*<\/span><\/label><input type=\"email\" id=\"wpforms-99-field_2\" class=\"wpforms-field-medium wpforms-field-required\" name=\"wpforms[fields][2]\" spellcheck=\"false\" aria-errormessage=\"wpforms-99-field_2-error\" required><\/div><div id=\"wpforms-99-field_3-container\" class=\"wpforms-field wpforms-field-textarea\" data-field-id=\"3\"><label class=\"wpforms-field-label\" for=\"wpforms-99-field_3\">Comentario o mensaje<\/label><textarea id=\"wpforms-99-field_3\" class=\"wpforms-field-medium\" name=\"wpforms[fields][3]\" aria-errormessage=\"wpforms-99-field_3-error\" ><\/textarea><\/div><script>\n\t\t\t\t( function() {\n\t\t\t\t\tconst style = document.createElement( 'style' );\n\t\t\t\t\tstyle.appendChild( document.createTextNode( '#wpforms-99-field_4-container { position: absolute !important; overflow: hidden !important; display: inline !important; height: 1px !important; width: 1px !important; z-index: -1000 !important; padding: 0 !important; } #wpforms-99-field_4-container input { visibility: hidden; } #wpforms-conversational-form-page #wpforms-99-field_4-container label { counter-increment: none; }' ) );\n\t\t\t\t\tdocument.head.appendChild( style );\n\t\t\t\t\tdocument.currentScript?.remove();\n\t\t\t\t} )();\n\t\t\t<\/script><\/div><!-- .wpforms-field-container --><div class=\"wpforms-submit-container\" ><input type=\"hidden\" name=\"wpforms[id]\" value=\"99\"><input type=\"hidden\" name=\"page_title\" value=\"\"><input type=\"hidden\" name=\"page_url\" value=\"https:\/\/fundacionalto.org\/index.php\/wp-json\/wp\/v2\/pages\/95\"><input type=\"hidden\" name=\"url_referer\" value=\"\"><button type=\"submit\" name=\"wpforms[submit]\" id=\"wpforms-submit-99\" class=\"wpforms-submit\" data-alt-text=\"Enviando...\" data-submit-text=\"Enviar\" aria-live=\"assertive\" value=\"wpforms-submit\">Enviar<\/button><img loading=\"lazy\" decoding=\"async\" src=\"https:\/\/fundacionalto.org\/wp-content\/plugins\/wpforms-lite\/assets\/images\/submit-spin.svg\" class=\"wpforms-submit-spinner\" style=\"display: none;\" width=\"26\" height=\"26\" alt=\"Cargando\"><\/div><\/form><\/div>  <!-- .wpforms-container -->","protected":false},"excerpt":{"rendered":"<p>En Fundaci\u00f3n ALTO trabajamos cada d\u00eda para acompa\u00f1ar a ni\u00f1os, ni\u00f1as y familias que viven con obesidad, desde un enfoque humano, emp\u00e1tico y sin estigmas. Si compartes nuestra visi\u00f3n y quieres ser parte del cambio, \u00a1te estamos buscando! \u00bfEres profesional<\/p>\n","protected":false},"author":1,"featured_media":0,"parent":0,"menu_order":0,"comment_status":"closed","ping_status":"closed","template":"","meta":{"footnotes":""},"class_list":["post-95","page","type-page","status-publish","hentry"],"rttpg_featured_image_url":null,"rttpg_author":{"display_name":"fundacionaltoorg@gmail.com","author_link":"https:\/\/fundacionalto.org\/index.php\/author\/fundacionaltoorggmail-com\/"},"rttpg_comment":0,"rttpg_category":null,"rttpg_excerpt":"En Fundaci\u00f3n ALTO trabajamos cada d\u00eda para acompa\u00f1ar a ni\u00f1os, ni\u00f1as y familias que viven con obesidad, desde un enfoque humano, emp\u00e1tico y sin estigmas. Si compartes nuestra visi\u00f3n y quieres ser parte del cambio, \u00a1te estamos buscando! \u00bfEres profesional","_links":{"self":[{"href":"https:\/\/fundacionalto.org\/index.php\/wp-json\/wp\/v2\/pages\/95","targetHints":{"allow":["GET"]}}],"collection":[{"href":"https:\/\/fundacionalto.org\/index.php\/wp-json\/wp\/v2\/pages"}],"about":[{"href":"https:\/\/fundacionalto.org\/index.php\/wp-json\/wp\/v2\/types\/page"}],"author":[{"embeddable":true,"href":"https:\/\/fundacionalto.org\/index.php\/wp-json\/wp\/v2\/users\/1"}],"replies":[{"embeddable":true,"href":"https:\/\/fundacionalto.org\/index.php\/wp-json\/wp\/v2\/comments?post=95"}],"version-history":[{"count":2,"href":"https:\/\/fundacionalto.org\/index.php\/wp-json\/wp\/v2\/pages\/95\/revisions"}],"predecessor-version":[{"id":101,"href":"https:\/\/fundacionalto.org\/index.php\/wp-json\/wp\/v2\/pages\/95\/revisions\/101"}],"wp:attachment":[{"href":"https:\/\/fundacionalto.org\/index.php\/wp-json\/wp\/v2\/media?parent=95"}],"curies":[{"name":"wp","href":"https:\/\/api.w.org\/{rel}","templated":true}]}}