{"id":60,"date":"2025-03-31T20:36:13","date_gmt":"2025-03-31T20:36:13","guid":{"rendered":"https:\/\/fundacionalto.org\/?page_id=60"},"modified":"2025-03-31T21:16:39","modified_gmt":"2025-03-31T21:16:39","slug":"por-que-la-fundacion-alto","status":"publish","type":"page","link":"https:\/\/fundacionalto.org\/index.php\/por-que-la-fundacion-alto\/","title":{"rendered":"Por qu\u00e9 la Fundaci\u00f3n ALTO?"},"content":{"rendered":"\n<figure class=\"wp-block-image size-full\"><img loading=\"lazy\" decoding=\"async\" width=\"774\" height=\"91\" src=\"https:\/\/fundacionalto.org\/wp-content\/uploads\/2025\/03\/71.png\" alt=\"\" class=\"wp-image-72\"\/><\/figure>\n\n\n\n<p><strong>1. Porque la obesidad es una condici\u00f3n de salud p\u00fablica en aumento<\/strong><\/p>\n\n\n\n<p>\u00b7\u00a0\u00a0\u00a0\u00a0\u00a0\u00a0 En Colombia, 1 de cada 4 ni\u00f1os en edad escolar tiene exceso de peso.<br>\u00b7\u00a0\u00a0\u00a0\u00a0\u00a0\u00a0 La obesidad infantil se ha triplicado en las \u00faltimas d\u00e9cadas<br>\u00b7\u00a0\u00a0\u00a0\u00a0\u00a0\u00a0 Aumento del riesgo de diabetes, hipertensi\u00f3n, enfermedades cardiovasculares\u2026 incluso desde edades tempranas.\u2028\u2028<\/p>\n\n\n\n<p><strong>2.\u00a0 Porque el enfoque tradicional es incompleto y muchas veces estigmatizante<\/strong><br><br>\u00b7\u00a0\u00a0\u00a0\u00a0\u00a0\u00a0 La obesidad no es solo una cuesti\u00f3n de \u201ccomer mal\u201d o \u201cfalta de voluntad\u201d.<br>\u00b7\u00a0\u00a0\u00a0\u00a0\u00a0\u00a0 Involucra factores biol\u00f3gicos, emocionales, sociales y ambientales.<br>\u00b7\u00a0\u00a0\u00a0\u00a0\u00a0\u00a0 La sociedad suele culpabilizar, ridiculizar o invisibilizar a las personas con obesidad.<\/p>\n\n\n\n<p><strong>3. Porque se necesita un espacio libre de prejuicios<\/strong><\/p>\n\n\n\n<p>\u00b7\u00a0\u00a0\u00a0\u00a0\u00a0\u00a0 Muchos ni\u00f1os, adolescentes y adultos no buscan ayuda por miedo al juicio.<br>\u00b7\u00a0\u00a0\u00a0\u00a0\u00a0\u00a0 Una fundaci\u00f3n como ALTO crea un lugar seguro, humano y comprensivo donde pueden recibir orientaci\u00f3n real y acompa\u00f1amiento digno.<\/p>\n\n\n\n<p><strong>4.\u00a0 Porque las familias necesitan educaci\u00f3n y apoyo<\/strong><\/p>\n\n\n\n<p>\u00b7\u00a0\u00a0\u00a0\u00a0\u00a0\u00a0 Padres, madres, docentes y cuidadores muchas veces no saben c\u00f3mo actuar.<br>\u00b7\u00a0\u00a0\u00a0\u00a0\u00a0\u00a0 Una fundaci\u00f3n puede ofrecer educaci\u00f3n clara, respetuosa y transformadora, sin miedo, sin culpa y sin verg\u00fcenza.<\/p>\n\n\n\n<p><strong>5. Porque hay desinformaci\u00f3n, mitos y poca formaci\u00f3n especializada<\/strong><\/p>\n\n\n\n<p>\u00b7\u00a0\u00a0\u00a0\u00a0\u00a0\u00a0 La obesidad no se resuelve solo con dietas r\u00e1pidas ni con comentarios bien intencionados.<br>\u00b7\u00a0\u00a0\u00a0\u00a0\u00a0\u00a0 Se necesita educaci\u00f3n cient\u00edfica, emocional y social a todos los niveles: hogares, escuelas, profesionales de salud.<\/p>\n\n\n\n<p><strong>6. Porque puede articular alianzas con colegios, EPS, gobiernos y ONGs<\/strong><br><br>\u00a0\u00b7\u00a0\u00a0\u00a0\u00a0\u00a0\u00a0 \u00a0 La fundaci\u00f3n puede llenar vac\u00edos en prevenci\u00f3n, sensibilizaci\u00f3n y tratamiento.<br>\u00a0\u00b7\u00a0\u00a0\u00a0\u00a0\u00a0\u00a0 \u00a0\u00a0Tambi\u00e9n puede servir como puente entre familias, comunidades y pol\u00edticas p\u00fablicas.<\/p>\n","protected":false},"excerpt":{"rendered":"<p>1. Porque la obesidad es una condici\u00f3n de salud p\u00fablica en aumento \u00b7\u00a0\u00a0\u00a0\u00a0\u00a0\u00a0 En Colombia, 1 de cada 4 ni\u00f1os en edad escolar tiene exceso de peso.\u00b7\u00a0\u00a0\u00a0\u00a0\u00a0\u00a0 La obesidad infantil se ha triplicado en las \u00faltimas d\u00e9cadas\u00b7\u00a0\u00a0\u00a0\u00a0\u00a0\u00a0 Aumento del riesgo<\/p>\n","protected":false},"author":1,"featured_media":0,"parent":0,"menu_order":0,"comment_status":"closed","ping_status":"closed","template":"","meta":{"footnotes":""},"class_list":["post-60","page","type-page","status-publish","hentry"],"rttpg_featured_image_url":null,"rttpg_author":{"display_name":"fundacionaltoorg@gmail.com","author_link":"https:\/\/fundacionalto.org\/index.php\/author\/fundacionaltoorggmail-com\/"},"rttpg_comment":0,"rttpg_category":null,"rttpg_excerpt":"1. Porque la obesidad es una condici\u00f3n de salud p\u00fablica en aumento \u00b7\u00a0\u00a0\u00a0\u00a0\u00a0\u00a0 En Colombia, 1 de cada 4 ni\u00f1os en edad escolar tiene exceso de peso.\u00b7\u00a0\u00a0\u00a0\u00a0\u00a0\u00a0 La obesidad infantil se ha triplicado en las \u00faltimas d\u00e9cadas\u00b7\u00a0\u00a0\u00a0\u00a0\u00a0\u00a0 Aumento del riesgo","_links":{"self":[{"href":"https:\/\/fundacionalto.org\/index.php\/wp-json\/wp\/v2\/pages\/60","targetHints":{"allow":["GET"]}}],"collection":[{"href":"https:\/\/fundacionalto.org\/index.php\/wp-json\/wp\/v2\/pages"}],"about":[{"href":"https:\/\/fundacionalto.org\/index.php\/wp-json\/wp\/v2\/types\/page"}],"author":[{"embeddable":true,"href":"https:\/\/fundacionalto.org\/index.php\/wp-json\/wp\/v2\/users\/1"}],"replies":[{"embeddable":true,"href":"https:\/\/fundacionalto.org\/index.php\/wp-json\/wp\/v2\/comments?post=60"}],"version-history":[{"count":4,"href":"https:\/\/fundacionalto.org\/index.php\/wp-json\/wp\/v2\/pages\/60\/revisions"}],"predecessor-version":[{"id":76,"href":"https:\/\/fundacionalto.org\/index.php\/wp-json\/wp\/v2\/pages\/60\/revisions\/76"}],"wp:attachment":[{"href":"https:\/\/fundacionalto.org\/index.php\/wp-json\/wp\/v2\/media?parent=60"}],"curies":[{"name":"wp","href":"https:\/\/api.w.org\/{rel}","templated":true}]}}

Por qué la Fundación ALTO?

<figure class="wp-block-image size-full"><img loading="lazy" decoding="async" width="774" height="91" src="https://fundacionalto.org/wp-content/uploads/2025/03/71.png" alt="" class="wp-image-72"/></figure>



<p><strong>1. Porque la obesidad es una condición de salud pública en aumento</strong></p>



<p>·       En Colombia, 1 de cada 4 niños en edad escolar tiene exceso de peso.<br>·       La obesidad infantil se ha triplicado en las últimas décadas<br>·       Aumento del riesgo de diabetes, hipertensión, enfermedades cardiovasculares… incluso desde edades tempranas.  </p>



<p><strong>2.  Porque el enfoque tradicional es incompleto y muchas veces estigmatizante</strong><br><br>·       La obesidad no es solo una cuestión de “comer mal” o “falta de voluntad”.<br>·       Involucra factores biológicos, emocionales, sociales y ambientales.<br>·       La sociedad suele culpabilizar, ridiculizar o invisibilizar a las personas con obesidad.</p>



<p><strong>3. Porque se necesita un espacio libre de prejuicios</strong></p>



<p>·       Muchos niños, adolescentes y adultos no buscan ayuda por miedo al juicio.<br>·       Una fundación como ALTO crea un lugar seguro, humano y comprensivo donde pueden recibir orientación real y acompañamiento digno.</p>



<p><strong>4.  Porque las familias necesitan educación y apoyo</strong></p>



<p>·       Padres, madres, docentes y cuidadores muchas veces no saben cómo actuar.<br>·       Una fundación puede ofrecer educación clara, respetuosa y transformadora, sin miedo, sin culpa y sin vergüenza.</p>



<p><strong>5. Porque hay desinformación, mitos y poca formación especializada</strong></p>



<p>·       La obesidad no se resuelve solo con dietas rápidas ni con comentarios bien intencionados.<br>·       Se necesita educación científica, emocional y social a todos los niveles: hogares, escuelas, profesionales de salud.</p>



<p><strong>6. Porque puede articular alianzas con colegios, EPS, gobiernos y ONGs</strong><br><br> ·         La fundación puede llenar vacíos en prevención, sensibilización y tratamiento.<br> ·         También puede servir como puente entre familias, comunidades y políticas públicas.</p>

<p>1. Porque la obesidad es una condición de salud pública en aumento ·       En Colombia, 1 de cada 4 niños en edad escolar tiene exceso de peso.·       La obesidad infantil se ha triplicado en las últimas décadas·       Aumento del riesgo</p>

1. Porque la obesidad es una condición de salud pública en aumento ·       En Colombia, 1 de cada 4 niños en edad escolar tiene exceso de peso.·       La obesidad infantil se ha triplicado en las últimas décadas·       Aumento del riesgo
